*2 + 8*b + 5. Let u be o(-8). Suppose -121 = -z - u*h, 5*z + 4*h - 455 = 108. What are the prime factors of z?
3, 37
Let w(u) = 31*u - 25. Let j be w(10). Suppose 5*q = -a + 277, j = 3*q + 2*q + 5*a. List the prime factors of q.
5, 11
Let a(g) = -4*g + 4*g**2 - g**3 + 3*g + 2*g**2 - 1. Let n(j) = j**3 + 4*j**2 - j + 25. Let x be n(-5). What are the prime factors of a(x)?
19
Let x(l) = -7*l - 1. Let z = -35 - -33. What are the prime factors of x(z)?
13
Let k be (3/4 - -3)/(3/32). List the prime factors of (-3 - k/(-12))/((-2)/(-138)).
23
Let d be 12/(-4) - ((-18)/1 - -4). Let j = 49 + d. What are the prime factors of j?
2, 3, 5
Suppose -3*q = q + 92. Suppose 8*j + 5*b = 7*j - 35, -j - 5 = -5*b. Let g = j - q. List the prime factors of g.
3
Let x(y) = -2 + 0 + 0 + 206*y + 0. Let z be x(-2). What are the prime factors of (-9)/(-12) - z/24?
2, 3
Suppose -18 = b - 16, -4*a + 5*b + 6258 = 0. List the prime factors of a.
2, 11, 71
Suppose -r + 320 + 2360 = 0. What are the prime factors of r?
2, 5, 67
Let v = 25 - 16. Suppose -6*c + v*c = 72. What are the prime factors of c?
2, 3
Let c = -275 + 745. Suppose n = 3*p - c, 2*n + 599 - 130 = 3*p. What are the prime factors of p?
157
Let b = 136 - 111. Let a = b + 103. List the prime factors of a.
2
Suppose r + 4*y + 24 = -r, 4*y - 12 = 0. Let g = -32 - r. Let k = -12 - g. What are the prime factors of k?
2
Let p(w) = -w**3 + 5*w**2 + 2*w. Let a be p(5). Let t = a - 11. List the prime factors of 3 + ((-3)/t - 4).
2
Suppose -13*p + 7821 = -8702. List the prime factors of p.
31, 41
Suppose 7*x - 2*x - 30 = -3*i, -2*x + 5*i - 19 = 0. Suppose -x*r + 3*j + 55 = 7, 89 = 5*r - 2*j. What are the prime factors of r?
19
Suppose -2*l - 3*h + 8*h = -14, -2*h = 4. Suppose p - l + 0 = 0. Let x = 7 + p. What are the prime factors of x?
3
Let v(i) = -i + 17. Let u be v(0). Suppose -2*z + 113 = u. List the prime factors of z.
2, 3
Let z(v) = -3*v - 9. Let r = 14 + -11. Let p = r - 11. List the prime factors of z(p).
3, 5
Suppose -5*q + 1856 = 2*c, 5*q + 2*c - c - 1858 = 0. What are the prime factors of q?
2, 3, 31
Let c = 953 + 155. What are the prime factors of c?
2, 277
Let o be (3 - 0 - -1) + 4. Suppose o*q = 231 + 105. What are the prime factors of q?
2, 3, 7
Let n(l) = l + 15. Let q be n(-9). Suppose q = 4*f - f. Suppose -20 = -f*m - 2*m. List the prime factors of m.
5
What are the prime factors of -43 + 1465 + (-3)/(-3) + 1?
2, 89
Suppose -4*c - 2349 = -w - 2*w, 4*w - c - 3145 = 0. What are the prime factors of w?
787
Suppose 4*w + 358 + 150 = 0. Let x = w - -264. What are the prime factors of x?
137
Let q(v) = -23*v**3 + 10*v**2 + 61*v - 18. What are the prime factors of q(-5)?
2, 3, 467
Let z = -72 - -65. Let s(i) = -i**3 - 6*i**2 - 10*i - 4. What are the prime factors of s(z)?
5, 23
Suppose 7 = -u - 2*h, u + 0 = 4*h + 5. List the prime factors of 3999/31*(-5)/u.
5, 43
Let c(n) = 5*n**3 - 11*n**2 - 22*n - 27. Let m(i) = 9*i**3 - 22*i**2 - 43*i - 53. Let b(h) = 7*c(h) - 4*m(h). What are the prime factors of b(11)?
13, 17
Let h = 19 - 10. Suppose -21 = -2*o + 5*a, -2*a = -4*o + 3*o + h. Suppose -o*u = -130 + 28. What are the prime factors of u?
2, 17
Let y(f) be the second derivative of -f + 0 - 1/20*f**5 - 1/2*f**4 + 11/6*f**3 - 5/2*f**2. List the prime factors of y(-8).
5, 7
Let o be 23 - -14 - 2/2. Suppose 122 = 38*w - o*w. What are the prime factors of w?
61
Let b = -12 - -24. Suppose 6*y = 3*y + b. Suppose 0 = -y*d + 15 + 5. List the prime factors of d.
5
Suppose 4 - 16 = -4*m. What are the prime factors of 21*-11*(-1)/m?
7, 11
Let n be 3 - 1/(4/4). Suppose 348 = 2*z - n*b, z + 0*z + 4*b = 199. What are the prime factors of z?
179
Let r(z) = -z**3 - 7*z**2 + 15*z**2 + 2 + 3 - 1. Let t be r(8). Suppose -5*h = -5*u + 195, -t*u + 159 = h - 4*h. List the prime factors of u.
2, 3, 7
Let c be (-10)/(-12) + 1/6. List the prime factors of ((1/c)/((-2)/38))/(-1).
19
Let u(i) = -i**2 + 12*i - 12. Let m be u(8). List the prime factors of (-15)/m - 510/(-8).
3, 7
Let c be -1 - 52/(-5 - -1). Suppose 2*z - 60 = -c. List the prime factors of z.
2, 3
Let x = -25 - -29. Suppose 0 = 4*r - x*a + 8, 4*a + 17 = -4*r - 15. List the prime factors of 1/(-2)*(r + -81).
43
Suppose 1079*j + 1584 = 1085*j. What are the prime factors of j?
2, 3, 11
Let q(i) = 57*i**3 - i**2 - 2*i - 1. Let y be q(-1). Let s = -32 - y. Let z = -9 + s. What are the prime factors of z?
2
Let j(f) = -1. Let i(p) = -6*p - 12. Let k(d) = 2*i(d) - 54*j(d). What are the prime factors of k(-5)?
2, 3, 5
Let u = 9459 - 6048. What are the prime factors of u?
3, 379
Suppose -11*g + 7*g = -564. What are the prime factors of g?
3, 47
Suppose 23 = 5*t - 2, 55 = -5*m - 5*t. Let g = m - -58. List the prime factors of g.
2, 3, 7
Suppose -3*j + 13337 = 5*z, -3*j + 5*z + 13352 = 7*z. What are the prime factors of j?
2, 17, 131
Let u(s) = -s**2 - 9*s + 11. Let y be u(-9). Let z = 16 - y. Suppose 5*o = i + z, 3*i = o - 0*o + 41. List the prime factors of i.
3, 5
Suppose -16*z - 24377 = -35*z. What are the prime factors of z?
1283
Suppose i + 2 = -2, 3*l = -4*i + 395. Suppose l = 2*f - 93. List the prime factors of f.
5, 23
Let z(c) = -5*c - 15. Let d be z(-7). Suppose 7*m + d - 118 = 0. List the prime factors of m.
2, 7
Let v(h) = h**2 - 26*h + 7. List the prime factors of v(-13).
2, 257
Suppose 6*r + 29 = -37. Suppose 0 = -2*n - 4*n + 84. Let s = n + r. What are the prime factors of s?
3
Suppose 0 = -28*p + 31*p - 15. Suppose 0*n + 2*n = 14. Suppose p*w = 5*b - 315, -2*b + n*w = 4*w - 131. What are the prime factors of b?
2, 29
Suppose -3*f = -6*s + 2*s + 160, s - 47 = -f. Let z = 731 + -498. Suppose 5*b - z = -s. What are the prime factors of b?
2, 19
Suppose 74090 = -o + 63*o. List the prime factors of o.
5, 239
Suppose 65 = 3*u + 23. Suppose 26 - 6 = -2*g. Let y = u + g. List the prime factors of y.
2
Let z(x) = 2 - 19 - 6*x - 2. What are the prime factors of z(-9)?
5, 7
Let m be -3 + (-2 - -1) + 101. Let v(b) = b**3 - b**2 - b. Let p be v(2). Suppose 3*w - d - m = 0, -p*w - 2*d + 50 = d. What are the prime factors of w?
31
Let t be (-3)/(-12) + (-57)/(-12). Suppose 0 = -b + 1, t*w - 2*w = 5*b + 37. List the prime factors of w.
2, 7
Let b = -44 + 47. Let j(o) = 25*o + 17. List the prime factors of j(b).
2, 23
Let h be (-4)/(-1)*(2 - 1). Suppose -195 = -9*g + h*g. What are the prime factors of g?
3, 13
What are the prime factors of (60/9)/((-62)/(-1209))?
2, 5, 13
Let i be 15*((-106)/(-6) + 0). Suppose d + 4*m - 66 = -28, -5*m + i = 5*d. What are the prime factors of d?
2, 29
Suppose -23*i - 7*i = -5190. List the prime factors of i.
173
List the prime factors of (-16)/(-24)*(44010/12 - -3).
2447
Let v = 823 - 430. What are the prime factors of v?
3, 131
Let v(r) = 4*r**2 + 6*r - 9. List the prime factors of v(-13).
19, 31
Suppose -h + 187 = -728. What are the prime factors of h?
3, 5, 61
Suppose -z = 4*z - 2*x + 25, 4*x = 4*z + 20. Let b(s) = 32*s - 38*s - 6 + 0. List the prime factors of b(z).
2, 3
Let g(m) = -m**2 - 9*m + 4. Let h be g(-9). Suppose -2*s + 16 = -h*s. Let l(f) = -f**2 - 10*f - 8. What are the prime factors of l(s)?
2
Let f = 15 + -4. Suppose -5*a - 9 = f. What are the prime factors of (-25)/a - (-1)/(-4)?
2, 3
Suppose 2*d + 3*d - 804 = -v, 2*v + d = 1635. List the prime factors of v.
3, 7, 13
List the prime factors of (8/(-16))/((-2)/1480).
2, 5, 37
Let g(n) = -12*n**3 + 0*n + 0*n**2 + 1 - 3*n**2 + n + 11*n**3. Let i be g(-3). What are the prime factors of (7/(-4))/(i/8)?
7
Let a = -13 + 32. Suppose -4*h + f = -90, -3*f - 90 - a = -5*h. List the prime factors of h.
23
Let i(l) = -13*l**3 - 4*l**2 - 6*l - 3. Let t be 22/(-88) - 11/4. List the prime factors of i(t).
2, 3, 5, 11
Let m(u) = -2*u**2 - 64*u + 13. List the prime factors of m(-19).
3, 13
Suppose 3*d + 3*t - 12 = 0, 0 = -3*t + 6 - 0. Suppose -103 = -i - 2*f, 5*i + d*f = -3*f + 525. List the prime factors of i.
107
Let v = 30 + -11. Let r = 43 - v. What are the prime factors of r?
2, 3
Let f = 95 + 551. What are the prime factors of f?
2, 17, 19
List the prime factors of 1256/3*(-14)/((-112)/12).
2, 157
Suppose 4254 = -16*k + 10526. What are the prime factors of k?
2, 7
Suppose 3*i = 2*z + 945 + 3333, -2*i + 3*z = -2857. List the prime factors of i.
2, 89
Let u = -91 - -944. List the prime factors o